{"id":50,"date":"2018-01-02T12:44:41","date_gmt":"2018-01-02T11:44:41","guid":{"rendered":"http:\/\/brasseriederaspailhac.eu\/?page_id=50"},"modified":"2025-07-16T14:12:48","modified_gmt":"2025-07-16T12:12:48","slug":"les-bieres-de-raspailhac","status":"publish","type":"page","link":"https:\/\/brasseriederaspailhac.eu\/index.php\/les-bieres-de-raspailhac\/","title":{"rendered":"Les bi\u00e8res"},"content":{"rendered":"\n<p>Brass\u00e9es avec mes malts et des houblons bios, 8 recettes de bi\u00e8re sont cr\u00e9\u00e9es \u00e0 Raspaillac. Une fermentation longue permet \u00e0 chacune d&rsquo;entre-elle de d\u00e9velopper du corps, des parfums et de belles longueurs en bouche.<\/p>\n\n\n\n<p>Conditionnement : bouteilles 75 cl &amp; 33cl, packs de 6x33cl.<\/p>\n\n\n\n<p>Location de f\u00fbts (10, 20 ou 30l) et tireuse : nous contacter pour un devis.<\/p>\n\n\n\n<figure class=\"wp-block-gallery columns-2 is-cropped\"><ul class=\"blocks-gallery-grid\"><li class=\"blocks-gallery-item\"><figure><img loading=\"lazy\" width=\"1000\" height=\"1000\" src=\"http:\/\/brasseriederaspailhac.eu\/wp-content\/uploads\/2022\/11\/20221024_humulus-lupulus_07ii.jpg\" alt=\"\" data-id=\"881\" data-full-url=\"http:\/\/brasseriederaspailhac.eu\/wp-content\/uploads\/2022\/11\/20221024_humulus-lupulus_07ii.jpg\" data-link=\"http:\/\/brasseriederaspailhac.eu\/20221024_humulus-lupulus_07ii\/\" class=\"wp-image-881\" srcset=\"https:\/\/brasseriederaspailhac.eu\/wp-content\/uploads\/2022\/11\/20221024_humulus-lupulus_07ii.jpg 1000w, https:\/\/brasseriederaspailhac.eu\/wp-content\/uploads\/2022\/11\/20221024_humulus-lupulus_07ii-300x300.jpg 300w, https:\/\/brasseriederaspailhac.eu\/wp-content\/uploads\/2022\/11\/20221024_humulus-lupulus_07ii-150x150.jpg 150w, https:\/\/brasseriederaspailhac.eu\/wp-content\/uploads\/2022\/11\/20221024_humulus-lupulus_07ii-768x768.jpg 768w\" sizes=\"(max-width: 1000px) 100vw, 1000px\" \/><figcaption class=\"blocks-gallery-item__caption\"><strong>Humulus Lupulus<\/strong><br>Blonde IPA<br>6% alc.<br>Traditionnellement am\u00e8re, cette \u00ab Indian Pale Ale \u00bb est fleurie &amp; fruit\u00e9e.<\/figcaption><\/figure><\/li><li class=\"blocks-gallery-item\"><figure><img loading=\"lazy\" width=\"1000\" height=\"1001\" src=\"http:\/\/brasseriederaspailhac.eu\/wp-content\/uploads\/2021\/04\/La-belle-saison-2021.jpg\" alt=\"\" data-id=\"751\" data-full-url=\"http:\/\/brasseriederaspailhac.eu\/wp-content\/uploads\/2021\/04\/La-belle-saison-2021.jpg\" data-link=\"http:\/\/brasseriederaspailhac.eu\/index.php\/accueil\/la-belle-saison-2021-2\/\" class=\"wp-image-751\" srcset=\"https:\/\/brasseriederaspailhac.eu\/wp-content\/uploads\/2021\/04\/La-belle-saison-2021.jpg 1000w, https:\/\/brasseriederaspailhac.eu\/wp-content\/uploads\/2021\/04\/La-belle-saison-2021-300x300.jpg 300w, https:\/\/brasseriederaspailhac.eu\/wp-content\/uploads\/2021\/04\/La-belle-saison-2021-150x150.jpg 150w, https:\/\/brasseriederaspailhac.eu\/wp-content\/uploads\/2021\/04\/La-belle-saison-2021-768x769.jpg 768w\" sizes=\"(max-width: 1000px) 100vw, 1000px\" \/><figcaption class=\"blocks-gallery-item__caption\"><strong>La belle saison<\/strong><br>Blonde charpent\u00e9e<br>7% alc.<br>Bi\u00e8re au corps malt\u00e9, aux notes rustiques (pain, fruits) et \u00e0 l\u2019amertume franche.<\/figcaption><\/figure><\/li><li class=\"blocks-gallery-item\"><figure><img loading=\"lazy\" width=\"1000\" height=\"1000\" src=\"http:\/\/brasseriederaspailhac.eu\/wp-content\/uploads\/2021\/01\/L-art-de-lager-2021.jpg\" alt=\"\" data-id=\"724\" data-full-url=\"http:\/\/brasseriederaspailhac.eu\/wp-content\/uploads\/2021\/01\/L-art-de-lager-2021.jpg\" data-link=\"http:\/\/brasseriederaspailhac.eu\/l-art-de-lager-2021\/\" class=\"wp-image-724\" srcset=\"https:\/\/brasseriederaspailhac.eu\/wp-content\/uploads\/2021\/01\/L-art-de-lager-2021.jpg 1000w, https:\/\/brasseriederaspailhac.eu\/wp-content\/uploads\/2021\/01\/L-art-de-lager-2021-300x300.jpg 300w, https:\/\/brasseriederaspailhac.eu\/wp-content\/uploads\/2021\/01\/L-art-de-lager-2021-150x150.jpg 150w, https:\/\/brasseriederaspailhac.eu\/wp-content\/uploads\/2021\/01\/L-art-de-lager-2021-768x768.jpg 768w\" sizes=\"(max-width: 1000px) 100vw, 1000px\" \/><figcaption class=\"blocks-gallery-item__caption\"><strong>L&rsquo;art de lager<\/strong><br>Blonde de fermentation basse<br>5,1% alc.<br>De tradition lager, cette bi\u00e8re douce et ronde, peu am\u00e8re, d\u00e9ploie de belles notes de c\u00e9r\u00e9ales.<\/figcaption><\/figure><\/li><li class=\"blocks-gallery-item\"><figure><img loading=\"lazy\" width=\"1000\" height=\"1000\" src=\"http:\/\/brasseriederaspailhac.eu\/wp-content\/uploads\/2022\/11\/20221123_HLW_09iii-web.jpg\" alt=\"\" data-id=\"899\" data-full-url=\"http:\/\/brasseriederaspailhac.eu\/wp-content\/uploads\/2022\/11\/20221123_HLW_09iii-web.jpg\" data-link=\"http:\/\/brasseriederaspailhac.eu\/20221123_hlw_09iii-web\/\" class=\"wp-image-899\" srcset=\"https:\/\/brasseriederaspailhac.eu\/wp-content\/uploads\/2022\/11\/20221123_HLW_09iii-web.jpg 1000w, https:\/\/brasseriederaspailhac.eu\/wp-content\/uploads\/2022\/11\/20221123_HLW_09iii-web-300x300.jpg 300w, https:\/\/brasseriederaspailhac.eu\/wp-content\/uploads\/2022\/11\/20221123_HLW_09iii-web-150x150.jpg 150w, https:\/\/brasseriederaspailhac.eu\/wp-content\/uploads\/2022\/11\/20221123_HLW_09iii-web-768x768.jpg 768w\" sizes=\"(max-width: 1000px) 100vw, 1000px\" \/><figcaption class=\"blocks-gallery-item__caption\"><strong>Hoplaweiss!<\/strong><br>Blanche<br>5% alc<br>Typ\u00e9e Weissbier allemande, c&rsquo;est une bi\u00e8re douce (malts de bl\u00e9 et d\u2019avoine), aux parfums de fleurs et d\u2019agrumes.<\/figcaption><\/figure><\/li><li class=\"blocks-gallery-item\"><figure><img loading=\"lazy\" width=\"1000\" height=\"1000\" src=\"http:\/\/brasseriederaspailhac.eu\/wp-content\/uploads\/2021\/01\/L-heure-d-ete_2021.jpg\" alt=\"\" data-id=\"726\" data-full-url=\"http:\/\/brasseriederaspailhac.eu\/wp-content\/uploads\/2021\/01\/L-heure-d-ete_2021.jpg\" data-link=\"http:\/\/brasseriederaspailhac.eu\/l-heure-d-ete_2021\/\" class=\"wp-image-726\" srcset=\"https:\/\/brasseriederaspailhac.eu\/wp-content\/uploads\/2021\/01\/L-heure-d-ete_2021.jpg 1000w, https:\/\/brasseriederaspailhac.eu\/wp-content\/uploads\/2021\/01\/L-heure-d-ete_2021-300x300.jpg 300w, https:\/\/brasseriederaspailhac.eu\/wp-content\/uploads\/2021\/01\/L-heure-d-ete_2021-150x150.jpg 150w, https:\/\/brasseriederaspailhac.eu\/wp-content\/uploads\/2021\/01\/L-heure-d-ete_2021-768x768.jpg 768w\" sizes=\"(max-width: 1000px) 100vw, 1000px\" \/><figcaption class=\"blocks-gallery-item__caption\"><strong>L&rsquo;heure d&rsquo;\u00e9t\u00e9<\/strong><br>Blonde<br>3% alc.<br>Bi\u00e8re rafra\u00eechissante et fleurie, <br>\u00e0 l\u2019amertume l\u00e9g\u00e8re<br>.<\/figcaption><\/figure><\/li><li class=\"blocks-gallery-item\"><figure><img loading=\"lazy\" width=\"1000\" height=\"1000\" src=\"http:\/\/brasseriederaspailhac.eu\/wp-content\/uploads\/2022\/11\/Widget-heure-hiver.jpg\" alt=\"\" data-id=\"891\" data-full-url=\"http:\/\/brasseriederaspailhac.eu\/wp-content\/uploads\/2022\/11\/Widget-heure-hiver.jpg\" data-link=\"http:\/\/brasseriederaspailhac.eu\/widget-heure-hiver\/\" class=\"wp-image-891\" srcset=\"https:\/\/brasseriederaspailhac.eu\/wp-content\/uploads\/2022\/11\/Widget-heure-hiver.jpg 1000w, https:\/\/brasseriederaspailhac.eu\/wp-content\/uploads\/2022\/11\/Widget-heure-hiver-300x300.jpg 300w, https:\/\/brasseriederaspailhac.eu\/wp-content\/uploads\/2022\/11\/Widget-heure-hiver-150x150.jpg 150w, https:\/\/brasseriederaspailhac.eu\/wp-content\/uploads\/2022\/11\/Widget-heure-hiver-768x768.jpg 768w\" sizes=\"(max-width: 1000px) 100vw, 1000px\" \/><figcaption class=\"blocks-gallery-item__caption\"><strong>L&rsquo;heure d&rsquo;hiver<\/strong><br>Brune<br>5,7% alc.<br>Finement p\u00e9tillante, cette bi\u00e8re s&rsquo;ouvre sur un nez de caf\u00e9 &amp; cacao. Ar\u00f4mes d\u2019orange, d\u2019\u00e9pices et de bois r\u00e9sineux. <\/figcaption><\/figure><\/li><li class=\"blocks-gallery-item\"><figure><img loading=\"lazy\" width=\"1000\" height=\"1000\" src=\"http:\/\/brasseriederaspailhac.eu\/wp-content\/uploads\/2021\/01\/L-experience-2021.jpg\" alt=\"\" data-id=\"725\" data-full-url=\"http:\/\/brasseriederaspailhac.eu\/wp-content\/uploads\/2021\/01\/L-experience-2021.jpg\" data-link=\"http:\/\/brasseriederaspailhac.eu\/l-experience-2021\/\" class=\"wp-image-725\" srcset=\"https:\/\/brasseriederaspailhac.eu\/wp-content\/uploads\/2021\/01\/L-experience-2021.jpg 1000w, https:\/\/brasseriederaspailhac.eu\/wp-content\/uploads\/2021\/01\/L-experience-2021-300x300.jpg 300w, https:\/\/brasseriederaspailhac.eu\/wp-content\/uploads\/2021\/01\/L-experience-2021-150x150.jpg 150w, https:\/\/brasseriederaspailhac.eu\/wp-content\/uploads\/2021\/01\/L-experience-2021-768x768.jpg 768w\" sizes=\"(max-width: 1000px) 100vw, 1000px\" \/><figcaption class=\"blocks-gallery-item__caption\">Et chaque ann\u00e9e, \u00ab\u00a0L&rsquo;exp\u00e9rience\u00a0\u00bb salue un brassin \u00e9ph\u00e9m\u00e8re !<\/figcaption><\/figure><\/li><\/ul><\/figure>\n\n\n\n<p><\/p>\n","protected":false},"excerpt":{"rendered":"<p>Brass\u00e9es avec mes malts et des houblons bios, 8 recettes de bi\u00e8re sont cr\u00e9\u00e9es \u00e0 Raspaillac. Une fermentation longue permet \u00e0 chacune d&rsquo;entre-elle de d\u00e9velopper du corps, des parfums et de belles longueurs en bouche. Conditionnement : bouteilles 75 cl &amp; 33cl, packs de 6x33cl. Location de f\u00fbts (10, 20 ou 30l) et tireuse : [&hellip;]<\/p>\n","protected":false},"author":1,"featured_media":0,"parent":0,"menu_order":1,"comment_status":"closed","ping_status":"closed","template":"","meta":[],"_links":{"self":[{"href":"https:\/\/brasseriederaspailhac.eu\/index.php\/wp-json\/wp\/v2\/pages\/50"}],"collection":[{"href":"https:\/\/brasseriederaspailhac.eu\/index.php\/wp-json\/wp\/v2\/pages"}],"about":[{"href":"https:\/\/brasseriederaspailhac.eu\/index.php\/wp-json\/wp\/v2\/types\/page"}],"author":[{"embeddable":true,"href":"https:\/\/brasseriederaspailhac.eu\/index.php\/wp-json\/wp\/v2\/users\/1"}],"replies":[{"embeddable":true,"href":"https:\/\/brasseriederaspailhac.eu\/index.php\/wp-json\/wp\/v2\/comments?post=50"}],"version-history":[{"count":55,"href":"https:\/\/brasseriederaspailhac.eu\/index.php\/wp-json\/wp\/v2\/pages\/50\/revisions"}],"predecessor-version":[{"id":1043,"href":"https:\/\/brasseriederaspailhac.eu\/index.php\/wp-json\/wp\/v2\/pages\/50\/revisions\/1043"}],"wp:attachment":[{"href":"https:\/\/brasseriederaspailhac.eu\/index.php\/wp-json\/wp\/v2\/media?parent=50"}],"curies":[{"name":"wp","href":"https:\/\/api.w.org\/{rel}","templated":true}]}}